{"id":5682,"date":"2023-11-23T04:40:22","date_gmt":"2023-11-23T03:40:22","guid":{"rendered":"https:\/\/fya31.com\/?page_id=5682"},"modified":"2023-11-29T16:35:28","modified_gmt":"2023-11-29T15:35:28","slug":"blog","status":"publish","type":"page","link":"https:\/\/fya31.com\/index.php\/blog\/","title":{"rendered":"Blog"},"content":{"rendered":"\t\t<div data-elementor-type=\"wp-page\" data-elementor-id=\"5682\" class=\"elementor elementor-5682\" data-elementor-post-type=\"page\">\n\t\t\t\t<div class=\"elementor-element elementor-element-208a4ca e-flex e-con-boxed e-con e-parent\" data-id=\"208a4ca\" data-element_type=\"container\">\n\t\t\t\t\t<div class=\"e-con-inner\">\n\t\t\t\t<div class=\"elementor-element elementor-element-676ba8e elementor-widget elementor-widget-text-editor\" data-id=\"676ba8e\" data-element_type=\"widget\" data-widget_type=\"text-editor.default\">\n\t\t\t\t<div class=\"elementor-widget-container\">\n\t\t\t\t\t\t\t\t\t<p>\u00a1Bienvenido a nuestro blog! Estamos encantados de tenerte aqu\u00ed.<\/p>\n<p>En este rinc\u00f3n virtual, exploramos y compartimos ideas fascinantes, inspiraci\u00f3n y conocimientos en una amplia variedad de temas relacionados con la pedagog\u00eda. Adem\u00e1s, compartiremos las experiencias de nuestros docentes y de nuestros estudiantes durante su quehacer diario en la instituci\u00f3n educativa. Ya seas un apasionado de la tecnolog\u00eda, un amante de la creatividad, o simplemente alguien en busca de informaci\u00f3n interesante enfocada en la educaci\u00f3n, \u00a1has llegado al lugar correcto!<\/p>\n<p>Explora nuestras entradas, sum\u00e9rgete en las palabras que aqu\u00ed se plasman, y si\u00e9ntete libre de dejar tu marca en la secci\u00f3n de comentarios. Queremos que te sientas parte de esta comunidad, compartiendo ideas y perspectivas mientras te sumerges en el fascinante mundo de la informaci\u00f3n.<\/p>\n<p>Gracias por unirte a nosotros en esta emocionante aventura. \u00a1Esperamos que disfrutes del viaje tanto como nosotros disfrutamos creando para ti!<\/p>\t\t\t\t\t\t\t\t<\/div>\n\t\t\t\t<\/div>\n\t\t\t\t\t<\/div>\n\t\t\t\t<\/div>\n\t\t<div class=\"elementor-element elementor-element-7c08df1 e-flex e-con-boxed e-con e-parent\" data-id=\"7c08df1\" data-element_type=\"container\">\n\t\t\t\t\t<div class=\"e-con-inner\">\n\t\t<div class=\"elementor-element elementor-element-20c2bd0 e-flex e-con-boxed e-con e-child\" data-id=\"20c2bd0\" data-element_type=\"container\">\n\t\t\t\t\t<div class=\"e-con-inner\">\n\t\t<div class=\"elementor-element elementor-element-9839176 e-flex e-con-boxed e-con e-child\" data-id=\"9839176\" data-element_type=\"container\">\n\t\t\t\t\t<div class=\"e-con-inner\">\n\t\t\t\t<div class=\"elementor-element elementor-element-0b5b376 elementor-widget-divider--separator-type-pattern elementor-widget-divider--view-line elementor-widget elementor-widget-divider\" data-id=\"0b5b376\" data-element_type=\"widget\" data-widget_type=\"divider.default\">\n\t\t\t\t<div class=\"elementor-widget-container\">\n\t\t\t\t\t\t\t<div class=\"elementor-divider\" style=\"--divider-pattern-url: url(&quot;data:image\/svg+xml,%3Csvg xmlns=&#039;http:\/\/www.w3.org\/2000\/svg&#039; preserveAspectRatio=&#039;none&#039; overflow=&#039;visible&#039; height=&#039;100%&#039; viewBox=&#039;0 0 24 24&#039; fill=&#039;none&#039; stroke=&#039;black&#039; stroke-width=&#039;3&#039; stroke-linecap=&#039;square&#039; stroke-miterlimit=&#039;10&#039;%3E%3Cpolyline points=&#039;0,6 6,6 6,18 18,18 18,6 24,6 \t&#039;\/%3E%3C\/svg%3E&quot;);\">\n\t\t\t<span class=\"elementor-divider-separator\">\n\t\t\t\t\t\t<\/span>\n\t\t<\/div>\n\t\t\t\t\t\t<\/div>\n\t\t\t\t<\/div>\n\t\t\t\t\t<\/div>\n\t\t\t\t<\/div>\n\t\t\t\t\t<\/div>\n\t\t\t\t<\/div>\n\t\t\t\t\t<\/div>\n\t\t\t\t<\/div>\n\t\t<div class=\"elementor-element elementor-element-8518693 e-flex e-con-boxed e-con e-parent\" data-id=\"8518693\" data-element_type=\"container\">\n\t\t\t\t\t<div class=\"e-con-inner\">\n\t\t\t\t<div class=\"elementor-element elementor-element-ba229c2 elementor-widget elementor-widget-heading\" data-id=\"ba229c2\" data-element_type=\"widget\" data-widget_type=\"heading.default\">\n\t\t\t\t<div class=\"elementor-widget-container\">\n\t\t\t\t\t<h2 class=\"elementor-heading-title elementor-size-default\">Entradas<\/h2>\t\t\t\t<\/div>\n\t\t\t\t<\/div>\n\t\t\t\t\t<\/div>\n\t\t\t\t<\/div>\n\t\t<div class=\"elementor-element elementor-element-201310e e-flex e-con-boxed e-con e-parent\" data-id=\"201310e\" data-element_type=\"container\">\n\t\t\t\t\t<div class=\"e-con-inner\">\n\t\t\t\t<div class=\"elementor-element elementor-element-b08aa39 elementor-search-form--skin-minimal elementor-widget elementor-widget-search-form\" data-id=\"b08aa39\" data-element_type=\"widget\" data-settings=\"{&quot;skin&quot;:&quot;minimal&quot;}\" data-widget_type=\"search-form.default\">\n\t\t\t\t<div class=\"elementor-widget-container\">\n\t\t\t\t\t\t\t<search role=\"search\">\n\t\t\t<form class=\"elementor-search-form\" action=\"https:\/\/fya31.com\" method=\"get\">\n\t\t\t\t\t\t\t\t\t\t\t\t<div class=\"elementor-search-form__container\">\n\t\t\t\t\t<label class=\"elementor-screen-only\" for=\"elementor-search-form-b08aa39\">Search<\/label>\n\n\t\t\t\t\t\t\t\t\t\t\t<div class=\"elementor-search-form__icon\">\n\t\t\t\t\t\t\t<i aria-hidden=\"true\" class=\"fas fa-search\"><\/i>\t\t\t\t\t\t\t<span class=\"elementor-screen-only\">Search<\/span>\n\t\t\t\t\t\t<\/div>\n\t\t\t\t\t\n\t\t\t\t\t<input id=\"elementor-search-form-b08aa39\" placeholder=\"Search...\" class=\"elementor-search-form__input\" type=\"search\" name=\"s\" value=\"\">\n\t\t\t\t\t\n\t\t\t\t\t\n\t\t\t\t\t\t\t\t\t<\/div>\n\t\t\t<\/form>\n\t\t<\/search>\n\t\t\t\t\t\t<\/div>\n\t\t\t\t<\/div>\n\t\t\t\t\t<\/div>\n\t\t\t\t<\/div>\n\t\t<div class=\"elementor-element elementor-element-0014549 e-flex e-con-boxed e-con e-parent\" data-id=\"0014549\" data-element_type=\"container\">\n\t\t\t\t\t<div class=\"e-con-inner\">\n\t\t\t\t<div class=\"elementor-element elementor-element-07a028b elementor-grid-3 elementor-grid-tablet-2 elementor-grid-mobile-1 elementor-posts--thumbnail-top elementor-posts--show-avatar elementor-card-shadow-yes elementor-posts__hover-gradient elementor-widget elementor-widget-posts\" data-id=\"07a028b\" data-element_type=\"widget\" data-settings=\"{&quot;cards_columns&quot;:&quot;3&quot;,&quot;cards_columns_tablet&quot;:&quot;2&quot;,&quot;cards_columns_mobile&quot;:&quot;1&quot;,&quot;cards_row_gap&quot;:{&quot;unit&quot;:&quot;px&quot;,&quot;size&quot;:35,&quot;sizes&quot;:[]},&quot;cards_row_gap_tablet&quot;:{&quot;unit&quot;:&quot;px&quot;,&quot;size&quot;:&quot;&quot;,&quot;sizes&quot;:[]},&quot;cards_row_gap_mobile&quot;:{&quot;unit&quot;:&quot;px&quot;,&quot;size&quot;:&quot;&quot;,&quot;sizes&quot;:[]}}\" data-widget_type=\"posts.cards\">\n\t\t\t\t<div class=\"elementor-widget-container\">\n\t\t\t\t\t\t\t<div class=\"elementor-posts-container elementor-posts elementor-posts--skin-cards elementor-grid\">\n\t\t\t\t<article class=\"elementor-post elementor-grid-item post-5901 post type-post status-publish format-standard hentry category-blog tag-desafios tag-innovacion\">\n\t\t\t<div class=\"elementor-post__card\">\n\t\t\t\t<div class=\"elementor-post__text\">\n\t\t\t\t<h3 class=\"elementor-post__title\">\n\t\t\t<a href=\"https:\/\/fya31.com\/index.php\/2023\/11\/29\/desafios\/\" >\n\t\t\t\tDesaf\u00edos de Innovar\t\t\t<\/a>\n\t\t<\/h3>\n\t\t\t\t<div class=\"elementor-post__excerpt\">\n\t\t\t<p>La educaci\u00f3n actual, llena de desaf\u00edos como est\u00e1 en nuestro pa\u00eds, requiere de valientes que se atrevan a equivocarse y a aprender de sus errores, utilizar este aprendizaje para mejorar y compartir los hallazgos en b\u00fasqueda del bien com\u00fan. Para los \u00abescogidos\u00bb es este post, sin embargo, confundirlo con un<\/p>\n\t\t<\/div>\n\t\t\n\t\t<a class=\"elementor-post__read-more\" href=\"https:\/\/fya31.com\/index.php\/2023\/11\/29\/desafios\/\" aria-label=\"Read more about Desaf\u00edos de Innovar\" tabindex=\"-1\" >\n\t\t\tRead More \u00bb\t\t<\/a>\n\n\t\t\t\t<\/div>\n\t\t\t\t<div class=\"elementor-post__meta-data\">\n\t\t\t\t\t<span class=\"elementor-post-date\">\n\t\t\t29 de November de 2023\t\t<\/span>\n\t\t\t\t<span class=\"elementor-post-avatar\">\n\t\t\tNo Comments\t\t<\/span>\n\t\t\t\t<\/div>\n\t\t\t\t\t<\/div>\n\t\t<\/article>\n\t\t\t\t<article class=\"elementor-post elementor-grid-item post-5672 post type-post status-publish format-standard hentry category-blog tag-innovacion tag-tic\">\n\t\t\t<div class=\"elementor-post__card\">\n\t\t\t\t<div class=\"elementor-post__text\">\n\t\t\t\t<h3 class=\"elementor-post__title\">\n\t\t\t<a href=\"https:\/\/fya31.com\/index.php\/2023\/11\/23\/blog0001\/\" >\n\t\t\t\tFe y Alegr\u00eda 31, Escuela Innovadora\t\t\t<\/a>\n\t\t<\/h3>\n\t\t\t\t<div class=\"elementor-post__excerpt\">\n\t\t\t<p>El siglo XXI ha sido una \u00e9poca de cambios en todos los campos del saber y quehacer humano. La tecnolog\u00eda, en especial, en este \u00faltimo lustro ha revolucionado totalmente lo &#8220;est\u00e1ndar&#8221;, situaciones que actualmente consideramos comunes hace solo cinco a\u00f1os era considerado Ciencia Ficci\u00f3n. El campo de la pedagog\u00eda no<\/p>\n\t\t<\/div>\n\t\t\n\t\t<a class=\"elementor-post__read-more\" href=\"https:\/\/fya31.com\/index.php\/2023\/11\/23\/blog0001\/\" aria-label=\"Read more about Fe y Alegr\u00eda 31, Escuela Innovadora\" tabindex=\"-1\" >\n\t\t\tRead More \u00bb\t\t<\/a>\n\n\t\t\t\t<\/div>\n\t\t\t\t<div class=\"elementor-post__meta-data\">\n\t\t\t\t\t<span class=\"elementor-post-date\">\n\t\t\t23 de November de 2023\t\t<\/span>\n\t\t\t\t<span class=\"elementor-post-avatar\">\n\t\t\tNo Comments\t\t<\/span>\n\t\t\t\t<\/div>\n\t\t\t\t\t<\/div>\n\t\t<\/article>\n\t\t\t\t<\/div>\n\t\t\n\t\t\t\t\t\t<\/div>\n\t\t\t\t<\/div>\n\t\t\t\t\t<\/div>\n\t\t\t\t<\/div>\n\t\t\t\t<\/div>\n\t\t","protected":false},"excerpt":{"rendered":"<p>\u00a1Bienvenido a nuestro blog! Estamos encantados de tenerte aqu\u00ed. En este rinc\u00f3n virtual, exploramos y compartimos ideas fascinantes, inspiraci\u00f3n y conocimientos en una amplia variedad de temas relacionados con la pedagog\u00eda. Adem\u00e1s, compartiremos las experiencias de nuestros docentes y de nuestros estudiantes durante su quehacer diario en la instituci\u00f3n educativa. Ya seas un apasionado de [&hellip;]<\/p>\n","protected":false},"author":1,"featured_media":0,"parent":0,"menu_order":1,"comment_status":"closed","ping_status":"closed","template":"","meta":{"footnotes":""},"_links":{"self":[{"href":"https:\/\/fya31.com\/index.php\/wp-json\/wp\/v2\/pages\/5682"}],"collection":[{"href":"https:\/\/fya31.com\/index.php\/wp-json\/wp\/v2\/pages"}],"about":[{"href":"https:\/\/fya31.com\/index.php\/wp-json\/wp\/v2\/types\/page"}],"author":[{"embeddable":true,"href":"https:\/\/fya31.com\/index.php\/wp-json\/wp\/v2\/users\/1"}],"replies":[{"embeddable":true,"href":"https:\/\/fya31.com\/index.php\/wp-json\/wp\/v2\/comments?post=5682"}],"version-history":[{"count":45,"href":"https:\/\/fya31.com\/index.php\/wp-json\/wp\/v2\/pages\/5682\/revisions"}],"predecessor-version":[{"id":5946,"href":"https:\/\/fya31.com\/index.php\/wp-json\/wp\/v2\/pages\/5682\/revisions\/5946"}],"wp:attachment":[{"href":"https:\/\/fya31.com\/index.php\/wp-json\/wp\/v2\/media?parent=5682"}],"curies":[{"name":"wp","href":"https:\/\/api.w.org\/{rel}","templated":true}]}}